 is the hundred thousands digit of 102617465?
6
What is the units digit of 730027249?
9
What is the ten millions digit of 645907855?
4
What is the tens digit of 679867291?
9
What is the ten thousands digit of 20601641?
0
What is the units digit of 25591664?
4
What is the ten thousands digit of 40109782?
0
What is the ten thousands digit of 421841749?
4
What is the thousands digit of 155313790?
3
What is the hundred millions digit of 129591789?
1
What is the ten millions digit of 1374127098?
7
What is the hundreds digit of 209110748?
7
What is the tens digit of 82756047?
4
What is the units digit of 33815945?
5
What is the hundred millions digit of 105327559?
1
What is the hundred thousands digit of 20785976?
7
What is the thousands digit of 6201445?
1
What is the billions digit of 6122170462?
6
What is the tens digit of 1245254444?
4
What is the ten thousands digit of 87755976?
5
What is the hundred thousands digit of 961737290?
7
What is the millions digit of 491980551?
1
What is the thousands digit of 369259971?
9
What is the units digit of 14283406?
6
What is the units digit of 396886358?
8
What is the hundred millions digit of 1075537426?
0
What is the ten thousands digit of 206600821?
0
What is the thousands digit of 102923449?
3
What is the hundreds digit of 1702219567?
5
What is the hundred thousands digit of 1616260225?
2
What is the hundreds digit of 129863948?
9
What is the hundred thousands digit of 748366501?
3
What is the millions digit of 2302794065?
2
What is the tens digit of 211019815?
1
What is the thousands digit of 84879436?
9
What is the ten millions digit of 644429431?
4
What is the ten thousands digit of 459258132?
5
What is the ten millions digit of 943120824?
4
What is the ten thousands digit of 222736995?
3
What is the thousands digit of 35282712?
2
What is the thousands digit of 3940371702?
1
What is the hundred millions digit of 2311898539?
3
What is the millions digit of 12396703?
2
What is the units digit of 1035369362?
2
What is the millions digit of 64404808?
4
What is the hundreds digit of 103190522?
5
What is the ten millions digit of 831186171?
3
What is the ten thousands digit of 979061070?
6
What is the tens digit of 99346534?
3
What is the ten millions digit of 50995344?
5
What is the hundred millions digit of 360897503?
3
What is the ten thousands digit of 495743486?
4
What is the thousands digit of 110767539?
7
What is the millions digit of 1376361255?
6
What is the hundred thousands digit of 1096364731?
3
What is the tens digit of 32378409?
0
What is the hundreds digit of 1031148708?
7
What is the millions digit of 441160173?
1
What is the hundred millions digit of 181395062?
1
What is the hundred thousands digit of 450807473?
8
What is the hundred thousands digit of 260009703?
0
What is the hundred millions digit of 7359204326?
3
What is the tens digit of 1789597861?
6
What is the ten thousands digit of 81481737?
8
What is the ten millions digit of 99280332?
9
What is the tens digit of 457026991?
9
What is the tens digit of 3776677489?
8
What is the units digit of 161901435?
5
What is the hundreds digit of 1969867033?
0
What is the tens digit of 695791685?
8
What is the thousands digit of 3057376?
7
What is the ten millions digit of 6226366057?
2
What is the thousands digit of 147978679?
8
What is the ten millions digit of 3045926306?
4
What is the ten millions digit of 563180093?
6
What is the thousands digit of 4606962?
6
What is the ten millions digit of 49248199?
4
What is the ten thousands digit of 22801449?
0
What is the billions digit of 1818842516?
1
What is the thousands digit of 4335525060?
5
What is the hundreds digit of 502210828?
8
What is the hundred thousands digit of 43836322?
8
What is the thousands digit of 1500916?
0
What is the ten millions digit of 358099502?
5
What is the tens digit of 3001349330?
3
What is the hundreds digit of 902215683?
6
What is the hundred thousands digit of 27373945?
3
What is the hundred millions digit of 1223213247?
2
What is the hundred millions digit of 204486625?
2
What is the hundred thousands digit of 47227281?
2
What is the ten thousands digit of 162721255?
2
What is the hundreds digit of 20022334?
3
What is the thousands digit of 64114109?
4
What is the hundred thousands digit of 2198143145?
1
What is the hundred millions digit of 1257864458?
2
What is the tens digit of 4010682?
8
What is the ten millions digit of 590264709?
9
What is the hundred thousands digit of 2076120?
0
What is the thousands digit of 460554945?
4
What is the hundred millions digit of 168298597?
1
What is the units digit of 530493777?
7
What is the thousands digit of 1237919776?
9
What is the units digit of 6497172080?
0
What is the ten millions digit of 44792941?
4
What is the hundred millions digit of 2465409083?
4
What is the hundred millions digit of 150243604?
1
What is the hundreds digit of 51451233?
2
What is the ten thousands digit of 37196964?
9
What is the millions digit of 1851272084?
1
What is the thousands digit of 340636657?
6
What is the millions digit of 517256312?
7
What is the ten millions digit of 85632566?
8
What is the millions digit of 41270151?
1
What is the tens digit of 462338393?
9
What is the ten millions digit of 4231335287?
3
What is the ten millions digit of 631789004?
3
What is the hundred thousands digit of 137820642?
8
What is the thousands digit of 20868697?
8
What is the ten thousands digit of 121473843?
7
What is the hundred thousands digit of 192612759?
6
What is the units digit of 433333588?
8
What is the thousands digit of 70634403?
4
What is the tens digit of 935491124?
2
What is the ten thousands digit of 293659142?
5
What is the ten thousands digit of 457954129?
5
What is the tens digit of 1484144651?
5
What is the hundreds digit of 1704079041?
0
What is the thousands digit of 4473020362?
0
What is the ten millions digit of 510981347?
1
What is the units digit of 1609535796?
6
What is the thousands digit of 400371486?
1
What is the hundred millions digit of 179757852?
1
What is the ten thousands digit of 614521293?
2
What is the thousands digit of 20662165?
2
What is the ten thousands digit of 162638249?
3
What is the hundreds digit of 43925646?
6
What is the billions digit of 1219272059?
1
What is the ten millions digit of 831474873?
3
What is the ten millions digit of 7299625652?
9
What is the hundred thousands digit of 74204621?
2
What is the ten thousands digit of 2111174?
1
What is the tens digit of 118653172?
7
What is the ten thousands digit of 153117881?
1
What is the ten thousands digit of 70356190?
5
What is the hundreds digit of 4490081645?
6
What is the ten millions digit of 253749592?
5
What is the tens digit of 51892722?
2
What is the thousands digit of 327363314?
3
What is the thousands digit of 14216586?
6
What is the tens digit of 19173445?
4
What is the ten thousands digit of 223908304?
0
What is the hundred millions digit of 1008128875?
0
What is the hundred thousands digit of 573726808?
7
What is the thousands digit of 368643753?
3
What is the tens digit of 537357546?
4
What is the thousands digit of 52585938?
5
What is the thousands digit of 3788751354?
1
What is the ten thousands digit of 372963609?
6
What is the ten thousands digit of 301525372?
2
What is the hundreds digit of 122363175?
1
What is the ten millions digit of 87127794?
8
What is the ten thousands digit of 99655841?
5
What is the ten thousands digit of 242407545?
0
What is the thousands digit of 382233498?
3
What is the ten thousands digit of 35569924?
6
What is the hundreds digit of 6379103403?
4
What is the units digit of 297926018?
8
What is the thousands digit of 2875129382?
9
What is the hundred thousands digit of 107019481?
0
What is the hundreds digit of 134215143?
1
What is the units digit of 6189730356?
6
What is the hundred thousands digit of 99005250?
0
What is the millions digit of 235563419?
5
What is the hundred millions digit of 2048368836?
0
What is the hundred millions digit of 125740620?
1
What is the millions digit of 1084613408?
4
What is the hundred millions digit of 366482891?
3
What is the tens digit of 481523622?
2
What is the ten thousands digit of 450805111?
0
What is the hundred thousands digit of 24847060?
8
What is th